{"id":4741,"date":"2020-12-04T16:55:45","date_gmt":"2020-12-04T15:55:45","guid":{"rendered":"http:\/\/cd06ffme.fr\/WordPress3\/?page_id=4741"},"modified":"2026-03-25T11:20:49","modified_gmt":"2026-03-25T10:20:49","slug":"presentation","status":"publish","type":"page","link":"http:\/\/cd06ffme.fr\/WordPress3\/presentation\/","title":{"rendered":"Pr\u00e9sentation du Comit\u00e9"},"content":{"rendered":"\n<div class=\"wp-block-file\"><a id=\"wp-block-file--media-39fa49ee-2a32-4be3-b2b8-def86e40e4ba\" href=\"http:\/\/cd06ffme.fr\/WordPress3\/wp-content\/uploads\/2023\/10\/STRD_STATUT_EN_VIGUEUR_1195_1645018396-1.pdf\">Statuts CD06 FFME<\/a><a href=\"http:\/\/cd06ffme.fr\/WordPress3\/wp-content\/uploads\/2023\/10\/STRD_STATUT_EN_VIGUEUR_1195_1645018396-1.pdf\" class=\"wp-block-file__button wp-element-button\" download aria-describedby=\"wp-block-file--media-39fa49ee-2a32-4be3-b2b8-def86e40e4ba\">T\u00e9l\u00e9charger<\/a><\/div>\n\n\n\n<div class=\"wp-block-columns are-vertically-aligned-center is-layout-flex wp-container-3 wp-block-columns-is-layout-flex\">\n<div class=\"wp-block-column is-vertically-aligned-center is-layout-flow wp-block-column-is-layout-flow\" style=\"flex-basis:100%\">\n<div class=\"wp-block-buttons is-layout-flex wp-block-buttons-is-layout-flex\">\n<div class=\"wp-block-button is-style-outline\"><a class=\"wp-block-button__link wp-element-button\" href=\"http:\/\/cd06ffme.fr\/WordPress3\/wp-content\/uploads\/2026\/03\/PV-AG2025_CT06FFME.pdf\" target=\"_blank\" rel=\"noreferrer noopener\">pv d&rsquo;AG 2025<\/a><\/div>\n<\/div>\n<\/div>\n<\/div>\n\n\n<p style=\"text-align: justify;\"><span style=\"font-family: helvetica, arial, sans-serif;\">Cr\u00e9\u00e9 en Janvier 1987, <strong>Le Comit\u00e9 territorial des Alpes-Maritimes <\/strong>est une Association loi 1901. <\/span><\/p>\n<p style=\"text-align: justify;\"><span style=\"font-family: helvetica, arial, sans-serif;\">Nos 3 principales missions sont<\/span><span style=\"font-family: helvetica, arial, sans-serif;\"> :<\/span><\/p>\n<ul>\n<li style=\"text-align: justify;\"><span style=\"font-family: helvetica, arial, sans-serif;\">Le <strong>d\u00e9veloppement et la promotion sportif (\u00e9galement pour les Jeux Olympiques)<\/strong> sur le territoire des Alpes-Maritimes de six activit\u00e9s sportives :<br \/><\/span>\n<ul>\n<li style=\"list-style-type: none;\">\n<ul>\n<li style=\"list-style-type: none;\">\n<ul>\n<li style=\"text-align: justify;\"><span style=\"font-family: helvetica, arial, sans-serif;\">l\u2019escalade, <\/span><\/li>\n<li><span style=\"font-family: helvetica, arial, sans-serif;\">le canyon,<\/span><\/li>\n<li><span style=\"font-family: helvetica, arial, sans-serif;\">ski-alpinisme,<\/span><\/li>\n<li style=\"text-align: justify;\"><span style=\"font-family: helvetica, arial, sans-serif;\">l\u2019alpinisme, <\/span><\/li>\n<li style=\"text-align: justify;\"><span style=\"font-family: helvetica, arial, sans-serif;\">la randonn\u00e9e montagne, <\/span><\/li>\n<li style=\"text-align: justify;\"><span style=\"font-family: helvetica, arial, sans-serif;\">la raquette \u00e0 neige.<\/span><\/li>\n<\/ul>\n<\/li>\n<\/ul>\n<\/li>\n<\/ul>\n<\/li>\n<li style=\"text-align: justify;\"><span style=\"font-family: helvetica, arial, sans-serif;\"><strong>L&rsquo;Audit des sites d&rsquo;escalade et de canyon d\u00e9partementaux conventionn\u00e9s <\/strong>dont nous avons la gestion : <\/span><\/li>\n<\/ul>\n<p style=\"text-align: justify;\"><span style=\"font-family: helvetica, arial, sans-serif;\">Nous effectuons un suivi complet (<strong>Gestion, contr\u00f4le, \u00e9quipement, entretien<\/strong>) nos <strong>SAE<\/strong> (Sites Artificiels d&rsquo;Escalade), <strong>SNE<\/strong> (Sites Naturels d&rsquo;Escalade) et <strong>SNC<\/strong> (Sites Naturels de Canyoning).<\/span><\/p>\n<ul>\n<li style=\"text-align: justify;\"><span style=\"font-family: helvetica, arial, sans-serif;\"><strong>L\u2019Organisation de manifestions, d\u2019\u00e9v\u00e9nements et de comp\u00e9titions officielles<\/strong> autour de ces 6 disciplines :<\/span>\n<ul>\n<li style=\"list-style-type: none;\">\n<ul>\n<li style=\"list-style-type: none;\">\n<ul>\n<li style=\"text-align: justify;\"><span style=\"font-family: helvetica, arial, sans-serif; color: #ffffff;\"><a style=\"color: #ffffff;\" href=\"http:\/\/cd06ffme.fr\/WordPress3\/challenge06 \u200e\" target=\"_blank\" rel=\"noopener\"> Challenge de ski-alpinisme 06<\/a> <\/span><\/li>\n<li><span style=\"color: #ffffff;\"><span style=\"font-family: helvetica, arial, sans-serif;\">Challenge Berhault<\/span><\/span><\/li>\n<li><span style=\"font-family: helvetica, arial, sans-serif;\">Journ\u00e9e Evasion<\/span><\/li>\n<li><span style=\"color: #ffffff;\"><a style=\"color: #ffffff;\" href=\"http:\/\/cd06ffme.fr\/WordPress3\/outdoor-festival-06\" target=\"_blank\" rel=\"noopener\"><span style=\"font-family: helvetica, arial, sans-serif;\">Outdoor Festival 06<\/span><\/a><\/span><\/li>\n<li style=\"text-align: justify;\"><span style=\"color: #ffffff;\"><span style=\"font-family: helvetica, arial, sans-serif;\">Festival de la Montagne de Saint Paul de Vence<\/span><\/span><\/li>\n<li><a href=\"http:\/\/cd06ffme.fr\/WordPress3\/initiation-escalade\" target=\"_blank\" rel=\"noopener\"><span style=\"font-family: helvetica, arial, sans-serif;\"><span style=\"color: #ffffff;\">Initiation Escalade<\/span><\/span><\/a><\/li>\n<\/ul>\n<\/li>\n<\/ul>\n<\/li>\n<\/ul>\n<\/li>\n<\/ul>\n<h1 style=\"text-align: center;\"><span style=\"font-family: helvetica, arial, sans-serif; font-size: 36pt;\">Le Bureau<\/span><\/h1>\n<p style=\"text-align: right;\"><span style=\"font-family: helvetica, arial, sans-serif;\">Jean-Luc BELLIARD<\/span><br \/><span style=\"font-family: helvetica, arial, sans-serif;\">Pr\u00e9sident &#8211; R\u00e9f\u00e9rent SNE\/SNC<\/span><br \/><a href=\"mailto:president@cd06ffme.fr\"><span style=\"font-family: helvetica, arial, sans-serif;\">president@cd06ffme.fr<\/span><\/a><\/p>\n<p><span style=\"font-family: helvetica, arial, sans-serif;\">Tr\u00e9sori\u00e8re &#8211; Yvette Lartigau<\/span><br \/><a href=\"mailto:tresorier@cd06ffme.fr\">tresorier@cd06ffme.fr<\/a><\/p>\n<p style=\"text-align: right;\"><span style=\"font-family: helvetica, arial, sans-serif;\">Philippe PLANQUES<\/span><br \/><span style=\"font-family: helvetica, arial, sans-serif;\">Secr\u00e9taire &#8211; R\u00e9f\u00e9rent \u00e9quipe jeunes<\/span><br \/><a href=\"http:\/\/secretaire@cd06ffme.fr\"><span style=\"font-family: helvetica, arial, sans-serif;\">secretaire@cd06ffme.fr<\/span><\/a><\/p>\n<h2 style=\"text-align: center;\">Le Conseil d&rsquo;Administration<\/h2>\n<p>Jean-Luc Belliard, Philippe Planques, Sylvie Carri\u00e8re, Mustapha El Babili, Thierry Vaute, Philippe Dupleix, C\u00e9cile Vioujas, Fran\u00e7ois Le Balle, Hugues Lucet, Etienne Lesage,\u00a0 Jean-Christophe Hatton, Marie Coromines, Carole Lassage, Julie Prudhomme, Sophie Signoret<\/p>\n<p>Joindre le Conseil d&rsquo;Administration : <a href=\"mailto:conseiladministration@cd06ffme.fr\">conseiladministration@cd06ffme.fr<\/a><\/p>\n<h1 style=\"text-align: center;\"><span style=\"font-family: helvetica, arial, sans-serif; font-size: 36pt;\">Les Salari\u00e9s<\/span><\/h1>\n<p><span style=\"font-family: helvetica, arial, sans-serif;\">David LANGSWEIRT<\/span><br \/><span style=\"font-family: helvetica, arial, sans-serif;\">Technicien<\/span><\/p>\n<p><a href=\"mailto:david@cd06ffme.fr\"><span style=\"font-family: helvetica, arial, sans-serif;\">david@cd06ffme.fr<\/span><\/a><\/p>\n<p style=\"text-align: right;\"><span style=\"font-family: helvetica, arial, sans-serif;\">La\u00ebtitia RAVE<\/span><br \/><span style=\"font-family: helvetica, arial, sans-serif;\">Agent administratif<\/span><\/p>\n<p style=\"text-align: right;\">09 77 45 20 92 \/ 07 49 77 76 39<br \/><a href=\"mailto:laetitia@cd06ffme.fr\" target=\"_blank\" rel=\"noopener\"><span style=\"font-family: helvetica, arial, sans-serif;\">laetitia@cd06ffme.fr<\/span><\/a><\/p>\n<p>Garance BABY<br \/>Agent de d\u00e9veloppement<br \/>07 67 11 01 77<br \/>garance@cd06ffme.fr<\/p>\n<h2 style=\"text-align: center;\">Les commissions<\/h2>\n<p><strong>Equipe d\u00e9partementale :<\/strong> Philippe Planques, C\u00e9cile Vioujas<\/p>\n<p><strong>Canyon :<\/strong> Jean-Luc Belliard, Christophe Magliano (FFCAM), Fr\u00e9d\u00e9ric Bonacossa (FFS)<\/p>\n<p><strong>Br\u00e9a\/SAE :\u00a0<\/strong> Mustapha El Babili, J\u00e9r\u00f4me Charon, Fran\u00e7ois Le Balle, Thierry Vaute, Philippe Dupleix, Lucien Rancurel, Lionel Ducros, Mireille Delrieu<\/p>\n<p><strong>SNE :<\/strong> Jean-Luc Belliard, Thierry Vaute , Jean-Christophe Hatton<\/p>\n<p><strong>Comp\u00e9titions :<\/strong> Philippe Planques, Marie Coromines, Julie Prudhomme, C\u00e9cile Vioujas<\/p>\n<p><strong>Montagne et Ski-Alpinisme :<\/strong> Serge Barragat, St\u00e9phane Raibaud<\/p>\n<h1 style=\"text-align: center;\"><span style=\"font-family: helvetica, arial, sans-serif; font-size: 36pt;\">Les Professionnels<\/span><\/h1>\n<p><span style=\"font-family: helvetica, arial, sans-serif;\">Jean CAPITANT<\/span><br \/><span style=\"font-family: helvetica, arial, sans-serif;\">Conseiller Randonn\u00e9e &#8211; Moyenne Montagne &#8211; Accompagnateur<\/span><\/p>\n<p><span style=\"font-family: helvetica, arial, sans-serif;\">St\u00e9phane BENOIST<\/span><br \/><span style=\"font-family: helvetica, arial, sans-serif;\">Conseiller Montagne<\/span><\/p>\n<p><span style=\"font-family: helvetica, arial, sans-serif;\">Basile FERRAN<\/span><br \/><span style=\"font-family: helvetica, arial, sans-serif;\">Conseiller Ski-Alpinisme<\/span><\/p>\n<p><span style=\"font-family: helvetica, arial, sans-serif;\">C\u00e9dric Lo Piccolo<\/span><br \/><span style=\"font-family: helvetica, arial, sans-serif;\">Entra\u00eeneur r\u00e9f\u00e9rent \u00e9quipe d\u00e9partementale<\/span><\/p>\n<p><span style=\"font-family: helvetica, arial, sans-serif;\">Marie ODDO<\/span><br \/><span style=\"font-family: helvetica, arial, sans-serif;\">Entra\u00eeneuse \u00e9quipe d\u00e9partementale<\/span><\/p>\n<p><span style=\"font-family: helvetica, arial, sans-serif;\">Guillaume CADAS<\/span><br \/><span style=\"font-family: helvetica, arial, sans-serif;\">Entra\u00eeneur\u00a0 \u00e9quipe d\u00e9partementale<\/span><\/p>\n\n\n<p><strong>Ouvreurs SAE<\/strong> : Arnold Marie, Pascal Richoux, Matteo Ceresola, Baptiste Sarrut, Nicolas Ponsot, Rafael Martinez, Martin Danlos, C\u00e9dric Lo Piccolo, Guillaume Cadas<\/p>\n\n\n\n<p><strong>Intervenants canyons :<\/strong> Guillaume Coquin, Lionel Catsoyannis, Nicolas Donadey, Renaud Boulvert, Jean-Pierre Ollivier, Bastien Moro, Laurent Collard, Pierre Fiorucci, Fran\u00e7ois Chollet<\/p>\n\n\n\n<p><strong>Intervenants SNE et \u00e9quipement :<\/strong> Damien Caratti, St\u00e9phane Benoist, Fran\u00e7ois Chollet, Lionel Catsoyannis<\/p>\n\n\n\n<p><strong>Conseiller Technique National  R\u00e9f\u00e9rent SNE\/Canyon :<\/strong> Norbert Apicella<\/p>\n\n\n\n<p><strong>Organigramme :<\/strong><\/p>\n\n\n\n<figure class=\"wp-block-image size-large\"><img data-attachment-id=\"7169\" data-permalink=\"http:\/\/cd06ffme.fr\/WordPress3\/presentation\/organigramme-odt\/\" data-orig-file=\"https:\/\/i0.wp.com\/cd06ffme.fr\/WordPress3\/wp-content\/uploads\/2025\/01\/organigramme-2025-scaled.jpg?fit=2560%2C1761\" data-orig-size=\"2560,1761\" data-comments-opened=\"0\" data-image-meta=\"{&quot;aperture&quot;:&quot;0&quot;,&quot;credit&quot;:&quot;&quot;,&quot;camera&quot;:&quot;&quot;,&quot;caption&quot;:&quot;&quot;,&quot;created_timestamp&quot;:&quot;0&quot;,&quot;copyright&quot;:&quot;&quot;,&quot;focal_length&quot;:&quot;0&quot;,&quot;iso&quot;:&quot;0&quot;,&quot;shutter_speed&quot;:&quot;0&quot;,&quot;title&quot;:&quot;Organigramme.odt&quot;,&quot;orientation&quot;:&quot;1&quot;}\" data-image-title=\"Organigramme.odt\" data-image-description=\"\" data-image-caption=\"\" data-medium-file=\"https:\/\/i0.wp.com\/cd06ffme.fr\/WordPress3\/wp-content\/uploads\/2025\/01\/organigramme-2025-scaled.jpg?fit=300%2C206\" data-large-file=\"https:\/\/i0.wp.com\/cd06ffme.fr\/WordPress3\/wp-content\/uploads\/2025\/01\/organigramme-2025-scaled.jpg?fit=580%2C399\" decoding=\"async\" loading=\"lazy\" width=\"580\" height=\"399\" src=\"https:\/\/i0.wp.com\/cd06ffme.fr\/WordPress3\/wp-content\/uploads\/2025\/01\/organigramme-2025.jpg?resize=580%2C399\" alt=\"\" class=\"wp-image-7169\" srcset=\"https:\/\/i0.wp.com\/cd06ffme.fr\/WordPress3\/wp-content\/uploads\/2025\/01\/organigramme-2025-scaled.jpg?resize=1024%2C704 1024w, https:\/\/i0.wp.com\/cd06ffme.fr\/WordPress3\/wp-content\/uploads\/2025\/01\/organigramme-2025-scaled.jpg?resize=300%2C206 300w, https:\/\/i0.wp.com\/cd06ffme.fr\/WordPress3\/wp-content\/uploads\/2025\/01\/organigramme-2025-scaled.jpg?resize=768%2C528 768w, https:\/\/i0.wp.com\/cd06ffme.fr\/WordPress3\/wp-content\/uploads\/2025\/01\/organigramme-2025-scaled.jpg?resize=1536%2C1057 1536w, https:\/\/i0.wp.com\/cd06ffme.fr\/WordPress3\/wp-content\/uploads\/2025\/01\/organigramme-2025-scaled.jpg?resize=2048%2C1409 2048w, https:\/\/i0.wp.com\/cd06ffme.fr\/WordPress3\/wp-content\/uploads\/2025\/01\/organigramme-2025-scaled.jpg?resize=1200%2C825 1200w, https:\/\/i0.wp.com\/cd06ffme.fr\/WordPress3\/wp-content\/uploads\/2025\/01\/organigramme-2025-scaled.jpg?resize=1980%2C1362 1980w, https:\/\/i0.wp.com\/cd06ffme.fr\/WordPress3\/wp-content\/uploads\/2025\/01\/organigramme-2025-scaled.jpg?w=1740 1740w\" sizes=\"(max-width: 580px) 100vw, 580px\" data-recalc-dims=\"1\" \/><\/figure>\n","protected":false},"excerpt":{"rendered":"<p>Cr\u00e9\u00e9 en Janvier 1987, Le Comit\u00e9 territorial des Alpes-Maritimes est une Association loi 1901. Nos 3 principales missions sont : Le d\u00e9veloppement et la promotion sportif (\u00e9galement pour les Jeux [&hellip;]<\/p>\n","protected":false},"author":2991,"featured_media":0,"parent":0,"menu_order":0,"comment_status":"closed","ping_status":"closed","template":"templates\/template-full-width.php","meta":{"jetpack_post_was_ever_published":false,"footnotes":""},"yoast_head":"<!-- This site is optimized with the Yoast SEO plugin v21.5 - https:\/\/yoast.com\/wordpress\/plugins\/seo\/ -->\n<title>Pr\u00e9sentation du Comit\u00e9 | F\u00e9d\u00e9ration Fran\u00e7aise Montagne Escalade<\/title>\n<meta name=\"robots\" content=\"index, follow, max-snippet:-1, max-image-preview:large, max-video-preview:-1\" \/>\n<link rel=\"canonical\" href=\"http:\/\/cd06ffme.fr\/WordPress3\/presentation\/\" \/>\n<meta property=\"og:locale\" content=\"fr_FR\" \/>\n<meta property=\"og:type\" content=\"article\" \/>\n<meta property=\"og:title\" content=\"Pr\u00e9sentation du Comit\u00e9 | F\u00e9d\u00e9ration Fran\u00e7aise Montagne Escalade\" \/>\n<meta property=\"og:description\" content=\"Cr\u00e9\u00e9 en Janvier 1987, Le Comit\u00e9 territorial des Alpes-Maritimes est une Association loi 1901. Nos 3 principales missions sont : Le d\u00e9veloppement et la promotion sportif (\u00e9galement pour les Jeux [&hellip;]\" \/>\n<meta property=\"og:url\" content=\"http:\/\/cd06ffme.fr\/WordPress3\/presentation\/\" \/>\n<meta property=\"og:site_name\" content=\"F\u00e9d\u00e9ration Fran\u00e7aise Montagne Escalade\" \/>\n<meta property=\"article:publisher\" content=\"https:\/\/www.facebook.com\/CT06FFME\" \/>\n<meta property=\"article:modified_time\" content=\"2026-03-25T10:20:49+00:00\" \/>\n<meta property=\"og:image\" content=\"http:\/\/cd06ffme.fr\/WordPress3\/wp-content\/uploads\/2025\/01\/organigramme-2025-1024x704.jpg\" \/>\n<meta name=\"twitter:card\" content=\"summary_large_image\" \/>\n<meta name=\"twitter:label1\" content=\"Dur\u00e9e de lecture estim\u00e9e\" \/>\n\t<meta name=\"twitter:data1\" content=\"3 minutes\" \/>\n<script type=\"application\/ld+json\" class=\"yoast-schema-graph\">{\"@context\":\"https:\/\/schema.org\",\"@graph\":[{\"@type\":\"WebPage\",\"@id\":\"http:\/\/cd06ffme.fr\/WordPress3\/presentation\/\",\"url\":\"http:\/\/cd06ffme.fr\/WordPress3\/presentation\/\",\"name\":\"Pr\u00e9sentation du Comit\u00e9 | F\u00e9d\u00e9ration Fran\u00e7aise Montagne Escalade\",\"isPartOf\":{\"@id\":\"http:\/\/cd06ffme.fr\/WordPress3\/#website\"},\"datePublished\":\"2020-12-04T15:55:45+00:00\",\"dateModified\":\"2026-03-25T10:20:49+00:00\",\"breadcrumb\":{\"@id\":\"http:\/\/cd06ffme.fr\/WordPress3\/presentation\/#breadcrumb\"},\"inLanguage\":\"fr-FR\",\"potentialAction\":[{\"@type\":\"ReadAction\",\"target\":[\"http:\/\/cd06ffme.fr\/WordPress3\/presentation\/\"]}]},{\"@type\":\"BreadcrumbList\",\"@id\":\"http:\/\/cd06ffme.fr\/WordPress3\/presentation\/#breadcrumb\",\"itemListElement\":[{\"@type\":\"ListItem\",\"position\":1,\"name\":\"Accueil\",\"item\":\"http:\/\/cd06ffme.fr\/WordPress3\/\"},{\"@type\":\"ListItem\",\"position\":2,\"name\":\"Pr\u00e9sentation du Comit\u00e9\"}]},{\"@type\":\"WebSite\",\"@id\":\"http:\/\/cd06ffme.fr\/WordPress3\/#website\",\"url\":\"http:\/\/cd06ffme.fr\/WordPress3\/\",\"name\":\"F\u00e9d\u00e9ration Fran\u00e7aise Montagne Escalade 06\",\"description\":\"\",\"publisher\":{\"@id\":\"http:\/\/cd06ffme.fr\/WordPress3\/#organization\"},\"potentialAction\":[{\"@type\":\"SearchAction\",\"target\":{\"@type\":\"EntryPoint\",\"urlTemplate\":\"http:\/\/cd06ffme.fr\/WordPress3\/?s={search_term_string}\"},\"query-input\":\"required name=search_term_string\"}],\"inLanguage\":\"fr-FR\"},{\"@type\":\"Organization\",\"@id\":\"http:\/\/cd06ffme.fr\/WordPress3\/#organization\",\"name\":\"Comit\u00e9 Territorial des Alpes Maritimes F\u00e9d\u00e9ration Fran\u00e7aise de Montagne et d'Escalade\",\"url\":\"http:\/\/cd06ffme.fr\/WordPress3\/\",\"logo\":{\"@type\":\"ImageObject\",\"inLanguage\":\"fr-FR\",\"@id\":\"http:\/\/cd06ffme.fr\/WordPress3\/#\/schema\/logo\/image\/\",\"url\":\"https:\/\/i0.wp.com\/cd06ffme.fr\/WordPress3\/wp-content\/uploads\/2020\/12\/cropped-FFME_LOGO_INSTIT_SECONDAIRE_FOND_CLAIR_CMJN-2-1.png?fit=1705%2C547\",\"contentUrl\":\"https:\/\/i0.wp.com\/cd06ffme.fr\/WordPress3\/wp-content\/uploads\/2020\/12\/cropped-FFME_LOGO_INSTIT_SECONDAIRE_FOND_CLAIR_CMJN-2-1.png?fit=1705%2C547\",\"width\":1705,\"height\":547,\"caption\":\"Comit\u00e9 Territorial des Alpes Maritimes F\u00e9d\u00e9ration Fran\u00e7aise de Montagne et d'Escalade\"},\"image\":{\"@id\":\"http:\/\/cd06ffme.fr\/WordPress3\/#\/schema\/logo\/image\/\"},\"sameAs\":[\"https:\/\/www.facebook.com\/CT06FFME\",\"https:\/\/www.instagram.com\/ct06_ffme_montagne_escalade\/\",\"https:\/\/www.youtube.com\/channel\/UCOfq1FRfAZlbV6N7LCCd-lg\"]}]}<\/script>\n<!-- \/ Yoast SEO plugin. -->","yoast_head_json":{"title":"Pr\u00e9sentation du Comit\u00e9 | F\u00e9d\u00e9ration Fran\u00e7aise Montagne Escalade","robots":{"index":"index","follow":"follow","max-snippet":"max-snippet:-1","max-image-preview":"max-image-preview:large","max-video-preview":"max-video-preview:-1"},"canonical":"http:\/\/cd06ffme.fr\/WordPress3\/presentation\/","og_locale":"fr_FR","og_type":"article","og_title":"Pr\u00e9sentation du Comit\u00e9 | F\u00e9d\u00e9ration Fran\u00e7aise Montagne Escalade","og_description":"Cr\u00e9\u00e9 en Janvier 1987, Le Comit\u00e9 territorial des Alpes-Maritimes est une Association loi 1901. Nos 3 principales missions sont : Le d\u00e9veloppement et la promotion sportif (\u00e9galement pour les Jeux [&hellip;]","og_url":"http:\/\/cd06ffme.fr\/WordPress3\/presentation\/","og_site_name":"F\u00e9d\u00e9ration Fran\u00e7aise Montagne Escalade","article_publisher":"https:\/\/www.facebook.com\/CT06FFME","article_modified_time":"2026-03-25T10:20:49+00:00","og_image":[{"url":"http:\/\/cd06ffme.fr\/WordPress3\/wp-content\/uploads\/2025\/01\/organigramme-2025-1024x704.jpg"}],"twitter_card":"summary_large_image","twitter_misc":{"Dur\u00e9e de lecture estim\u00e9e":"3 minutes"},"schema":{"@context":"https:\/\/schema.org","@graph":[{"@type":"WebPage","@id":"http:\/\/cd06ffme.fr\/WordPress3\/presentation\/","url":"http:\/\/cd06ffme.fr\/WordPress3\/presentation\/","name":"Pr\u00e9sentation du Comit\u00e9 | F\u00e9d\u00e9ration Fran\u00e7aise Montagne Escalade","isPartOf":{"@id":"http:\/\/cd06ffme.fr\/WordPress3\/#website"},"datePublished":"2020-12-04T15:55:45+00:00","dateModified":"2026-03-25T10:20:49+00:00","breadcrumb":{"@id":"http:\/\/cd06ffme.fr\/WordPress3\/presentation\/#breadcrumb"},"inLanguage":"fr-FR","potentialAction":[{"@type":"ReadAction","target":["http:\/\/cd06ffme.fr\/WordPress3\/presentation\/"]}]},{"@type":"BreadcrumbList","@id":"http:\/\/cd06ffme.fr\/WordPress3\/presentation\/#breadcrumb","itemListElement":[{"@type":"ListItem","position":1,"name":"Accueil","item":"http:\/\/cd06ffme.fr\/WordPress3\/"},{"@type":"ListItem","position":2,"name":"Pr\u00e9sentation du Comit\u00e9"}]},{"@type":"WebSite","@id":"http:\/\/cd06ffme.fr\/WordPress3\/#website","url":"http:\/\/cd06ffme.fr\/WordPress3\/","name":"F\u00e9d\u00e9ration Fran\u00e7aise Montagne Escalade 06","description":"","publisher":{"@id":"http:\/\/cd06ffme.fr\/WordPress3\/#organization"},"potentialAction":[{"@type":"SearchAction","target":{"@type":"EntryPoint","urlTemplate":"http:\/\/cd06ffme.fr\/WordPress3\/?s={search_term_string}"},"query-input":"required name=search_term_string"}],"inLanguage":"fr-FR"},{"@type":"Organization","@id":"http:\/\/cd06ffme.fr\/WordPress3\/#organization","name":"Comit\u00e9 Territorial des Alpes Maritimes F\u00e9d\u00e9ration Fran\u00e7aise de Montagne et d'Escalade","url":"http:\/\/cd06ffme.fr\/WordPress3\/","logo":{"@type":"ImageObject","inLanguage":"fr-FR","@id":"http:\/\/cd06ffme.fr\/WordPress3\/#\/schema\/logo\/image\/","url":"https:\/\/i0.wp.com\/cd06ffme.fr\/WordPress3\/wp-content\/uploads\/2020\/12\/cropped-FFME_LOGO_INSTIT_SECONDAIRE_FOND_CLAIR_CMJN-2-1.png?fit=1705%2C547","contentUrl":"https:\/\/i0.wp.com\/cd06ffme.fr\/WordPress3\/wp-content\/uploads\/2020\/12\/cropped-FFME_LOGO_INSTIT_SECONDAIRE_FOND_CLAIR_CMJN-2-1.png?fit=1705%2C547","width":1705,"height":547,"caption":"Comit\u00e9 Territorial des Alpes Maritimes F\u00e9d\u00e9ration Fran\u00e7aise de Montagne et d'Escalade"},"image":{"@id":"http:\/\/cd06ffme.fr\/WordPress3\/#\/schema\/logo\/image\/"},"sameAs":["https:\/\/www.facebook.com\/CT06FFME","https:\/\/www.instagram.com\/ct06_ffme_montagne_escalade\/","https:\/\/www.youtube.com\/channel\/UCOfq1FRfAZlbV6N7LCCd-lg"]}]}},"jetpack_sharing_enabled":true,"jetpack_shortlink":"https:\/\/wp.me\/P2LN8m-1et","_links":{"self":[{"href":"http:\/\/cd06ffme.fr\/WordPress3\/wp-json\/wp\/v2\/pages\/4741"}],"collection":[{"href":"http:\/\/cd06ffme.fr\/WordPress3\/wp-json\/wp\/v2\/pages"}],"about":[{"href":"http:\/\/cd06ffme.fr\/WordPress3\/wp-json\/wp\/v2\/types\/page"}],"author":[{"embeddable":true,"href":"http:\/\/cd06ffme.fr\/WordPress3\/wp-json\/wp\/v2\/users\/2991"}],"replies":[{"embeddable":true,"href":"http:\/\/cd06ffme.fr\/WordPress3\/wp-json\/wp\/v2\/comments?post=4741"}],"version-history":[{"count":45,"href":"http:\/\/cd06ffme.fr\/WordPress3\/wp-json\/wp\/v2\/pages\/4741\/revisions"}],"predecessor-version":[{"id":7498,"href":"http:\/\/cd06ffme.fr\/WordPress3\/wp-json\/wp\/v2\/pages\/4741\/revisions\/7498"}],"wp:attachment":[{"href":"http:\/\/cd06ffme.fr\/WordPress3\/wp-json\/wp\/v2\/media?parent=4741"}],"curies":[{"name":"wp","href":"https:\/\/api.w.org\/{rel}","templated":true}]}}